et x be v(-20). Is x/1 - (-1155 + 0) composite?
False
Suppose -3*u - 2367 = -2*l - 10696, -2*l = -5*u + 13883. Is u a prime number?
True
Suppose 0*m + 3*m = -2472. Let q = -408 - m. Suppose 5*c = 29 + q. Is c a composite number?
False
Let q(y) = 32*y**3 - 2*y**2 + 3. Let z be 7/4 - 3/(-12). Is q(z) a composite number?
False
Let a = 2150 - 606. Suppose 4*t = 4*h - a, -2*h + 3*t + 673 = -103. Suppose 0*q + 2*q = h. Is q composite?
False
Suppose -288*j = -294*j + 42222. Is j prime?
False
Suppose -5*u + u + 8 = 0. Let m be (-4)/(4/(-491)) - u. Suppose -3*h - 2*h = -5*c + 1170, 2*c + 5*h = m. Is c prime?
False
Let w(t) = -5597*t - 13. Is w(-2) a prime number?
False
Let i(b) be the second derivative of -5*b**3/3 + 29*b**2/2 - 17*b. Is i(-9) a composite number?
True
Suppose p + 13 = 3*m, 23 = 3*m - 5*p - 6. Suppose 3*q + 3*d = 27, 31 = 5*q - m*d - 54. Is q prime?
False
Let y = -246 + 487. Suppose 0 = -3*z + f + 755, z = 2*z + 5*f - y. Is z prime?
True
Suppose -2*t = -4*t + 216. Let s(a) = -a**3 - 4*a**2 + 10*a + 11. Let h be s(-6). Suppose t = w + h. Is w a prime number?
False
Let r(x) = -6*x**2 - 5*x - 7. Let s(u) = u. Let j(a) = r(a) - 5*s(a). Let h(l) = 18*l**2 + 29*l + 20. Let d(q) = 4*h(q) + 11*j(q). Is d(-5) a prime number?
False
Suppose 3927 = -3*o + 6*o. Suppose -6*m + o = m. Is m composite?
True
Let o(z) = z. Let q be o(5). Suppose -7 = -q*j + 3. Suppose 4*s + f = 556, -j*s = -2*f - f - 278. Is s a composite number?
False
Suppose 4*a - 20 = 0, 10 = -3*x + 4*a - 1. Suppose -5*c + 10268 = x*h, -2*h = c + 3*c - 8214. Is c a composite number?
False
Suppose -j + 3*j + 12 = 4*n, 5*n = -4*j + 28. Suppose 2*x - n*x = -3878. Is x prime?
False
Is 17581*3 - 10*2/(-5) composite?
False
Let o(j) = -3*j**3 - 7*j**2. Let d(h) = -2*h**3 - 6*h**2. Let r(v) = -4*d(v) + 3*o(v). Let l be r(3). Suppose l = 4*c + 48 - 4628. Is c composite?
True
Suppose 18 = 3*i - 27. Suppose -i = -4*u - u. Suppose 4*z - 377 = -3*n, -n - 250 = -u*n - 3*z. Is n composite?
False
Suppose 0 = 8*o - o - 16310. Suppose -g - 5*j = 1993, o - 8345 = 3*g - 3*j. Let m = 3640 + g. Is m prime?
True
Suppose -55917 - 43041 = -6*x. Is x prime?
True
Suppose 70 = 9*r - 11. Suppose r*t = -6*t + 10365. Is t composite?
False
Suppose 430221 - 85429 = 56*x. Is x prime?
False
Let o(x) = 7*x + 6*x + 3*x**2 - 6*x - 2. Is o(-8) a composite number?
True
Suppose 526 + 485 = 3*s. Is s a prime number?
True
Suppose 3*s = -b + 27534, 5*s - 31724 - 14174 = b. Is s prime?
False
Let y(g) = -g**3 + 4*g**2 - g - 3. Let o be y(3). Let x be (-3 + o + 1)*2. Is (x/4)/(5/1490) a prime number?
True
Let z(t) = -48*t - 35. Let i = -60 - -48. Is z(i) a prime number?
True
Suppose 64*x - 91*x = -224883. Is x a composite number?
False
Let l(r) = -200*r - 13. Let n be 7 - 11 - (0/2 + 0). Is l(n) prime?
True
Suppose 36 = f - 5*f - 3*m, -3*f = 3*m + 30. Let c be (f + 9)*1*-1. Is (-1 - (-416)/c)*-3 prime?
True
Let x = -35 - -69. Let m be (4/2)/(x/(-221)). Let y = m + 24. Is y a prime number?
True
Let m(l) = 2*l**2 - 4*l + 4283. Is m(0) composite?
False
Suppose -4*a - 2*j = 4 + 14, 3 = 2*a + 5*j. Let d be 1 + (269 - a/(-3)). Let z = d - 137. Is z a composite number?
False
Let c(m) = 30*m**2 - 6*m - 17. Suppose -t = -3, 0*t = -z + 5*t - 1. Is c(z) a composite number?
False
Is (-54)/(-216) + (-31734)/(-8) a composite number?
False
Suppose -40498 + 12027 = -3*j - p, j = 2*p + 9495. Suppose 3*b + 3*o - 3792 = 0, 5*b - 5*o = -3141 + j. Is b prime?
False
Suppose -12 = 3*m + 3*v, -3*m + v = -6*m - 22. Is (-5)/3 - -2 - 708/m prime?
True
Suppose 0 = -6*j + 2*j + 536. Suppose -j = -w + 89. Is w a prime number?
True
Let m = -10 - -6. Suppose 5*i - 12 = 4*d + 10, 3*d + 7 = -i. Is i/m - 223/(-2) prime?
False
Suppose -5*m - 5*w - 4306 = -14476, -m + 3*w + 2054 = 0. Is m composite?
False
Let o be 125605/10 + 2/(-4). Suppose -3433 = -9*v + o. Is v composite?
False
Is 2 - (-32592 + -7 + -2) a prime number?
True
Let c be 0/(3 - -1) - -100. Let b = 11 + c. Is b prime?
False
Let r = 2630 + 3149. Is r prime?
True
Suppose 18 = 2*k + 8. Suppose k*w - 3*j = 190, -3*w + 100 = 2*j - j. Is w a prime number?
False
Let u(c) = 4502*c**2 + 16*c - 27. Is u(2) a composite number?
False
Let h(a) be the second derivative of 3*a**4/4 - 2*a**3/3 - 3*a**2 - 18*a. Is h(-3) a composite number?
True
Let c = 2423 + -1269. Let i = c + -813. Is i a composite number?
True
Let b(s) = -130*s - 55. Is b(-17) composite?
True
Is -2 + (-5 - -1) + 5519 prime?
False
Let d be ((-7)/4 - -2) + (-98076)/(-16). Suppose -25*c + 30*c = d. Is c a composite number?
True
Let f(x) = 8*x**3 + 5*x**2 - 3*x + 2. Let a be f(4). Is -3 + (a - -2)/4 a prime number?
False
Suppose -4*k = -0*k + 56. Let n = 56 + k. Suppose 0*f + 2*f = n. Is f prime?
False
Let m = -18 + 23. Suppose -m*t + 4*d + 6265 = -702, 5552 = 4*t + 4*d. Is t composite?
True
Suppose -c - 38431 = -2*c - 5*g, 192059 = 5*c + g. Is c a composite number?
True
Let t(m) = -10*m**3 + 12 - 35 + 3 + 9*m + 11 + 3*m**2. Is t(-7) a composite number?
True
Let w(a) = -60*a - 7. Let v(o) = 4*o + 3. Let t be v(-2). Let p be w(t). Suppose 9*j = 10*j - p. Is j a composite number?
False
Let t(w) = -w**3 + 14*w**2 - 7*w - 3. Suppose 5*y = -2*r - 0*y - 28, 0 = -y - 4. Let o = r - -11. Is t(o) prime?
False
Let k(p) = 28*p**2 + 5*p + 1. Let u be (-1)/2 + 65/10. Let w be k(u). Let y = w - 644. Is y a prime number?
False
Let n = -24 + -1. Let z = n - -9. Let m = 203 + z. Is m composite?
True
Suppose a = -4*a + 1115. Suppose -m - 2*s = -67, m + 3*s - 4*s = 58. Suppose -l - 4*y + a = 0, -3*l - 3*y + m = -590. Is l composite?
True
Suppose -3*u - 5*a = 42, 2*a = 4*u - 2*a + 88. Let w = 74 - u. Is w a composite number?
True
Suppose 5*y - 145 = 4*o, 0 = -0*y + 5*y + o - 145. Suppose y = -3*m + 959. Let n = m - 87. Is n prime?
True
Suppose 0*n + 3*n + 4*c + 7 = 0, 3*n + 2*c - 1 = 0. Suppose -n*j - 936 = -3018. Is j prime?
False
Let t(x) = -62*x - 1. Let f be t(-2). Suppose 5*b - 119 = a, a - 3*a - f = -5*b. Is b prime?
True
Let o(g) = g + 46. Let h be o(0). Let r = h + 39. Is r composite?
True
Is (-1)/(6 - 173366/28894) composite?
False
Let k = 2506 + 8811. Is k composite?
False
Let h(d) = 839*d**2 - 2*d - 1. Is h(-2) a composite number?
False
Suppose 0*l - 10088 = -4*l - 2*p, 3*p - 5048 = -2*l. Is l composite?
False
Let s = 21 - 17. Suppose -s*k = -k - 801. Is k a composite number?
True
Suppose -14 = -4*r + 2*j, -r - 2*j + 2 = 6. Suppose 3*z = 4*w - 5561, 5*z - 3*z = r. Is w a composite number?
True
Let s = 3 - 5. Let j be (s - (-1 + 0))*-2. Is (1/j)/((-1)/(-314)) a prime number?
True
Let h be (-9)/(-18) - (-1)/(-2). Suppose h*f + 4*f - 1150 = 2*l, -2*f = 3*l - 595. Suppose 0 = -3*i - i - 3*o + f, -372 = -5*i + o. Is i a prime number?
False
Let u(b) = 11*b**2 + 10*b + 7. Let j be u(-8). Suppose -3*p = -j + 82. Let h = p - 56. Is h a prime number?
True
Suppose 2*c = -3*c - 35. Let k(u) = -14*u - 16. Is k(c) composite?
True
Let n = -13 + 13. Is -3 + n + 36/2 a prime number?
False
Let d(s) = -1783*s**3 - 2*s**2 + 1. Let p be d(-1). Suppose 1501 = 7*z - p. Is z a composite number?
True
Let m(x) = 304*x**2 - 6*x - 167. Is m(-10) composite?
False
Let b be (10 + 2)*(-1)/(-2). Let h = 9 - b. Suppose 0*v = 3*v - 2*c - 149, h*c + 101 = 2*v. Is v composite?
True
Let j(h) = 124*h - 14 + 13 + 9. Let r be j(6). Suppose -2*g = -3*b + 579, 2*b + r = 6*b + 4*g. Is b a composite number?
False
Let u(f) = 17*f**3 + 11*f**2 - 20*f + 25. Is u(9) a composite number?
True
Let x = -107 - -114. Suppose a = f + 555, 3*f + 1104 = 2*a + x*f. Is a a prime number?
False
Let f(b) = -4513*b - 36. Is f(-7) composite?
True
Suppose 2*p = -2*u - 0*u + 6090, p + 3*u - 3049 = 0. Is p composite?
True
Suppose -4526 = 7*v - 27283. Is v composite?
False
Let b(m) = -2*m**3 - 18*m**2 + 15*m - 56. Is b(-15) composite?
True
Let a(d) = d**2 - d. Let x(h) = -22*h**2 - h + 9. Let r(u) = -5*a(u) - x(u). Let f be r(4). Suppose 0 = i + 3*z - f - 30, 2*i - 636 = -5*z. Is i composite?
True
Suppose -a + 72 = -189. Suppose -6*o + 9*o = a. Suppose 0 = 5*c + o - 242. Is c prime?
True
Let v be 6/(-6) + 3 - -5. Suppose 3*k - t = v*k - 1004, 0 = t. Is k prime?
True
Let i(p) = -p + 582. Let l be i(0). Let j = 364 - l. Let s = j - -381. Is s a composite number?
False
Let j = 48 + -46. Suppose -1 = a, -2*r - j*a - 22 = -4*r. Is 